3) a composite number?
False
Suppose 4*k - 4 = 3*k, -4*g - k - 36 = 0. Let j be (0 - -1)/((-5)/g). Is (20/(-30))/(j/(-114)) a composite number?
True
Suppose 2*x - 4 = -3*n - 20, -4*x + 34 = -5*n. Is n/(-24)*12 - 968/(-1) a prime number?
True
Suppose -l + 3*x - 45846 = -198181, -5*x = 0. Is l composite?
True
Let r = 208 - 6. Let m = -314 + 565. Suppose -7*x = -3*w - 8*x + r, -4*w = 5*x - m. Is w a prime number?
False
Suppose 275 = -2*j - 2*t - 3*t, -4*j - 4*t = 580. Let z = -35 - j. Is z prime?
False
Suppose 3*t + 2*t - 1149 = -4*q, -5*t = -q + 306. Suppose 3*p + 36 = q. Is p a composite number?
True
Let w(n) = -n**3 - 9*n**2 + n + 5. Let i be w(-9). Let g = 1223 + i. Is g prime?
False
Let w = 7 - 8. Let p(i) = -75*i**3 - 2*i**2 - 2*i - 1. Let t be p(w). Is ((-2)/2)/((-2)/t) a composite number?
False
Let j(u) be the first derivative of 11*u**4/12 - 7*u**3/6 - 7*u**2/2 - 6*u - 1. Let h(t) be the first derivative of j(t). Is h(6) prime?
True
Suppose 20 = -4*r, 2*r - 6506 - 1140 = -3*b. Let l = 5631 - b. Is l a composite number?
False
Let u(j) = -127*j**2 + j - 13. Let s be u(3). Let p = s - -2472. Is p a prime number?
True
Suppose -4*w - 40 = -4*b, 6*w - 4*w + 36 = 4*b. Suppose -4 = -b*s + 12. Is s a prime number?
True
Let g(t) = -t**3 - 4*t**2 + 18*t - 7. Let w be g(-14). Let q = w - 724. Is q composite?
False
Suppose -51*j + 35*j + 1749616 = 0. Is j prime?
False
Suppose -m - 12 = -3*o, -m + 2*o + 4 - 11 = 0. Suppose -m*j + 0*j + 4*i = 3098, 0 = -3*j - 2*i - 3086. Is j/(-20) + (-1)/2 a composite number?
True
Suppose -17*m - 15*m = -1293024. Is m a prime number?
False
Suppose 21*i - 391930 - 917609 = 0. Is i prime?
False
Let t(r) = 41*r - 4. Let h be (-14)/77 - 48/(-22). Let s be t(h). Suppose -5 = -u + s. Is u a composite number?
False
Let t be (-5 + 2 - 1) + 145. Is t*(2/6 - -2) composite?
True
Let y(d) = 74*d - 23. Let p be y(6). Let v = p + -48. Is v a composite number?
False
Suppose 4 = -2*g, 6*g = -4*s + 2*g. Let v be 0 + (-3 - (-756)/s). Suppose -369 = -r - r + 5*j, -j = 2*r - v. Is r composite?
True
Is 4 + 0 - (0 - -3)*-215 composite?
True
Let q = -24725 - -42186. Is q a composite number?
True
Suppose 0 = -2*t - 2. Let z be (t/3)/(4/12). Let h(o) = -72*o**3 - 2*o**2 + o + 2. Is h(z) a composite number?
False
Let k = -199 + 212. Let b(a) = a**2 - 1. Let f(s) = 2*s**2 - 2*s - 13. Let v(j) = 4*b(j) - f(j). Is v(k) a composite number?
False
Let m(x) = -19*x. Let l be m(-6). Let c = -464 + 655. Let h = c - l. Is h prime?
False
Let i(z) = -z**2 + z. Let j be i(1). Suppose p + 0*p = j. Suppose d + 230 = 3*a, -5*a + d = -p*a - 384. Is a prime?
False
Suppose -20*p + 609453 - 123833 = 0. Is p a prime number?
True
Suppose 14*b - 6152 - 2430 = 0. Is b composite?
False
Let m(z) = -133*z. Let i be m(-2). Let f = 2774 - 1963. Suppose -i + f = 5*g. Is g a composite number?
False
Suppose 0 = -7*q - 2*q - 36. Is 2571 - (40/18 + q/18) composite?
True
Let o(k) = 100*k**2 + 6*k + 5. Let s(r) = -3*r**2 + 6*r - 7. Let q be s(3). Let u be (1*-2)/(q/(-24)). Is o(u) a prime number?
True
Let a = -27 - -1984. Suppose 0 = -5*i + x + 4960, 5*x + 0*x = -2*i + a. Is i a composite number?
False
Suppose 108519 = 19*l - 14*l - y, l - 21699 = -y. Is l prime?
False
Let c(q) = -311*q + 151. Is c(-12) a composite number?
True
Let b(m) = -4 - m**3 - 4 - 2*m**2 + 10. Let j be b(-2). Is 287 + (0/j)/(-3) composite?
True
Let m(q) be the second derivative of q**4/12 - 5*q**3/6 + 3*q**2/2 + 9*q. Let i be m(7). Is 5017/i - 8/68 a prime number?
False
Suppose 3*k = -2*z - 0*k + 3, 5*k - 49 = 4*z. Let w be (-3)/(z/(-4)) - -9. Let g = 30 - w. Is g composite?
False
Suppose 15 = 3*k + 6. Suppose -k*u - 502 = -2*u. Is (u/(-5))/((-4)/(-10)) prime?
True
Let y(b) = -88*b + 6. Let z be y(5). Let w be (-3)/(-5) - z/35. Suppose 2*k - w = 57. Is k a composite number?
True
Let g = 53 - 49. Let d(b) = 25*b**3 - 5*b**2 - 5*b - 1. Is d(g) composite?
False
Suppose 2*z - 24 = -z. Let h(t) = 107*t + 14*t + 9 + z - 22. Is h(2) composite?
True
Let v = -20 + 133. Let t = v - -70. Is t a prime number?
False
Let r = -66 + 66. Is (-3 - -2102)*(1 + r) a composite number?
False
Let i = -3 + 8. Let o(m) = 30*m**2 + 4*m + 4. Let d be o(i). Suppose -2*h + d = -1860. Is h a composite number?
True
Let d = 18672 - -10735. Is d prime?
False
Suppose 0 = 5*m - 2*i - i - 13, 0 = -3*m - 4*i + 31. Suppose 0*u = -m*u - 5, -2*q + 3*u + 121 = 0. Is q composite?
False
Let l(j) = -j**2 + j + 1. Let f be 1/2*1*-2. Let w be l(f). Let d = 262 - w. Is d a prime number?
True
Suppose 5*z - 1482 = 4*z. Suppose -30 = -4*g + 134. Suppose f - z = -g. Is f composite?
True
Suppose 4*s - 6*s + 6 = 0. Suppose 4*d - 199 = s*d. Is d composite?
False
Let a be 4 + -2 - 4 - -5. Suppose -3284 = -2*q + 2*d, -a*d = -q - q + 3287. Is q prime?
False
Suppose 3 = -2*z + 9. Let f(p) = -1 - p**2 + p**3 + 4*p**3 + z - 1. Is f(3) a prime number?
True
Is (2 + -5)/(114/(-528542)) a composite number?
True
Let a(c) = 4*c**2 - 4 - 11*c**2 - c**3 - 4 + 12*c - 5*c**2. Let i be a(-13). Suppose 2*o - i*o = -6999. Is o a composite number?
False
Let j(k) = -k**2 - 5*k + 5. Let b be 48/(-56)*(7 + 0). Let z be j(b). Let w(m) = -98*m - 1. Is w(z) composite?
False
Suppose -3*t = -0*j + 2*j - 668, 5*t + 2*j = 1112. Let q = 1988 - 1997. Is ((-6)/4)/(q/t) a prime number?
True
Is ((-21)/(-63))/(1/9489) composite?
False
Let x(k) = -145*k - 17. Let b(r) = 72*r + 8. Let f(d) = -5*b(d) - 3*x(d). Let j(i) = 37*i + 5. Let s(n) = 4*f(n) - 9*j(n). Is s(-4) prime?
True
Suppose 5*t = 5, -2*l + 5223 = 2*l - 5*t. Suppose 4*w - 5253 = 3*g, w + 2*g = 2*w - l. Is w a composite number?
True
Let r be (-4)/(-16) - (-119)/(-28). Suppose -4 = -2*w - 0*w + 3*l, 0 = 5*w - 4*l - 10. Is 134/(-4)*(r - w) composite?
True
Let i = -180 - -104. Let w = 147 + i. Let g = w - 18. Is g a composite number?
False
Suppose -c + 1 = -4*r, -3*c - c = -3*r - 17. Suppose 5*v - 5*b - 15 = 0, c*v - 7 = -4*b + b. Suppose 54 = 2*l + v*k, 2*k = 2*l - 38 - 0. Is l a prime number?
True
Let n(r) = r**3 + 14*r**2 + 7*r + 8. Let p be n(-13). Let c = -51 + p. Let u = 71 + c. Is u a prime number?
False
Let d(u) = 7*u - 21. Let w be d(3). Let m(f) = -f**3 + f**2 + 5245. Is m(w) prime?
False
Let o be (16/(-5))/((-7)/35). Is (-36 - 3)*(o/6 + -3) composite?
False
Let w = 91741 - 50124. Is w a composite number?
False
Suppose 2*r = 7*r - 1500. Suppose 7*q = 5*q + r. Suppose -n + 287 = -q. Is n prime?
False
Suppose -15*w - 23946 = -17*w - 4*q, -4*w + q + 47847 = 0. Is w a composite number?
True
Let z = -334 + 142. Let p = -1 - z. Is p composite?
False
Let v(s) be the first derivative of -2*s**2 + 0 - 3 + 1 - 2*s + 4. Is v(-4) a prime number?
False
Let i = 6 + -11. Let l(u) = 2*u**2 + u. Let q be l(i). Let m = q - -156. Is m a composite number?
True
Let u(r) = 5*r + 8. Let q be u(5). Is 1363 + (-60)/q + (-6)/33 a prime number?
True
Let x(g) = -108*g + 3. Let m(d) = -54*d + 2. Let a(y) = -5*m(y) + 3*x(y). Let q be (-15)/9 - 4/(-6). Is a(q) prime?
True
Let v(a) = 12095*a**2 - 26*a + 86. Is v(3) a composite number?
False
Let b = 57 + -37. Suppose -z + b = -5*z, l = 4*z + 177. Is l a composite number?
False
Suppose 0*u = -4*u. Let g(d) = -1 + 5*d - 2*d + u*d + 2*d**2. Is g(-4) composite?
False
Let v(m) = -m**3 + 10*m**2 + 11*m + 8. Let h be v(11). Let x(i) = 31*i + h*i + 0*i + 17. Is x(10) a composite number?
True
Suppose 0 = -4*s - 2 + 6. Let u be (2/(-3))/(s/(-12)). Is ((-314)/u)/((-6)/24) prime?
True
Suppose -5*l - 160 = -0*l. Let c be 12/(-6) + 1*l. Let h = c - -87. Is h a prime number?
True
Suppose -21 = -5*d + 2*a, 3*a + 0 = d + 1. Suppose d*q = 7*q - 114. Is q a prime number?
False
Let j(z) = -z - 11. Let i be j(-8). Let s be 1 - ((1 - 2) + i). Suppose -95 = -d + 3*f + 125, -d + s*f + 210 = 0. Is d composite?
True
Is 404/(-20)*5*-7 prime?
False
Suppose 5*s - 32 = 3*s. Let p = 19 - s. Suppose -p*l + 184 = 2*l - r, -5*r + 190 = 5*l. Is l a composite number?
False
Suppose f = -3*v + 301537, -5*v - 4*f + 502539 = -8*f. Is v composite?
False
Let x = 4529 + -2758. Let b be x/4 + 1/4. Suppose -4*p - 2*n = b - 2357, 2*n = 4*p - 1918. Is p a composite number?
False
Let r be (-766)/22 - (-2)/(-11). Let w be (-447)/(-9) + (-12)/18. Let h = w + r. Is h a composite number?
True
Let w be (-1 - (-12)/3)/(-1). Is 132 + w + (3 - -1) a prime numbe